 + (-1 - -255). Suppose -w = 3*c - 5*c. Calculate the remainder when c is divided by 26.
25
What is the remainder when ((-3)/5)/(101/(-22725)) is divided by 67?
1
Let b be 30/4*6/9. Suppose 36 = 5*n + 4*i - 11, -b*i = 5*n - 50. What is the remainder when 11 is divided by n?
4
Suppose 2*h - 300 = -h + 3*u, -2*u + 216 = 2*h. What is the remainder when h is divided by 19?
9
Let s(k) = 37*k**2. Let u(y) = -y**3 + 9*y**2 - 8*y + 1. Let a be u(8). Calculate the remainder when 219 is divided by s(a).
34
Suppose -10 - 2 = -4*o. Suppose b + 58 = -3*a + 59, 2*b - 10 = -2*a. What is the remainder when b is divided by o?
1
Suppose -2 + 8 = -3*k. Let p(h) = -6*h**3 + h**2 + 2*h - 1. Let f be p(k). Let b = f + -25. What is the remainder when 64 is divided by b?
20
Suppose 35 = v + j - 21, 0 = j. Let b = -36 + v. What is the remainder when 56 is divided by b?
16
Let w be (-4)/30 - 21804/(-180). Suppose l + 2*a = -4*l + w, -3*a + 9 = 0. Calculate the remainder when 44 is divided by l.
21
Suppose 189*i = 200*i - 99. Calculate the remainder when 33 is divided by i.
6
Suppose -5*m = y + 2, 5*y + 0*y = 15. Let l(z) = -z + 4. Let p be l(5). Calculate the remainder when p/(3*m/21) is divided by 3.
1
Let i(o) = o**2 + 8*o - 115. Calculate the remainder when 63 is divided by i(8).
11
Suppose -4*l = -l - 78. Suppose -4*p = 6 - l. Suppose 5*y - 3*s + p - 13 = 0, -5*s - 2 = 3*y. Calculate the remainder when 4 is divided by y.
0
Let x be (-2)/(-3) - 154/(-21). Suppose 0 = -6*c + 4*c - x. Calculate the remainder when 5 is divided by 18/c*(-32)/72.
1
Let n = 263 + -245. What is the remainder when 31 is divided by n?
13
Suppose 0*g + 720 = -4*g. Calculate the remainder when (g/14)/(4/(-28)) is divided by 13.
12
Suppose -3*j = -5*h + 122, 2*h = 2*j - j + 49. What is the remainder when 423 is divided by h?
23
Suppose 112 = -t - 5*y + 675, -t - 3*y + 569 = 0. Calculate the remainder when t is divided by 73.
67
Suppose -7*l + 28 = -0. Suppose -5*u - n + 38 = 0, n - 50 = -5*u - l*n. What is the remainder when u is divided by 1?
0
Let x(w) = -7*w - 33. Let c be x(-5). Suppose 1 + 1 = n, -c*f + 2*n = -272. What is the remainder when f is divided by 20?
18
Let r(x) = -20*x - 3. Let f = 20 + -21. Calculate the remainder when r(f) is divided by 9.
8
Let p(b) = -35*b + 3. Let o be p(-3). Suppose 5*r - 3*r - o = 0. Suppose 4*s = 2*t + t - 29, 0 = 4*t - 3*s - 41. What is the remainder when r is divided by t?
10
Suppose 2*w = -3*w - 2*s + 193, 82 = 2*w - 4*s. Let b = 6 + 15. Suppose 9 = 3*q - b. Calculate the remainder when w is divided by q.
9
Suppose 4*u - 3*j - 25 = 0, 5*u + 3*j = 61 + 4. Calculate the remainder when u is divided by 0*(-1)/2 + 3.
1
Let a(g) = g**2 - 44*g + 258. What is the remainder when a(38) is divided by 8?
6
Suppose 0 = 2*t - 3 + 1, -4*t = -4*q + 64. Suppose 2*p + 2*u - 113 = 7, 4*p = -5*u + 237. What is the remainder when p is divided by q?
12
Suppose -3*c + 433 = 5*m, 4*m + 2*c + 2*c - 348 = 0. Let v = -59 + m. What is the remainder when v is divided by 5?
2
Let y = 715 - 689. What is the remainder when 49 is divided by y?
23
Suppose -35 = -5*z - 10. Suppose -2*a - z*h + 9 = -11, 2*a = 3*h + 52. Calculate the remainder when 56 is divided by a.
16
Let f(q) = 3*q**3 - 24*q**2 - 3*q + 28. Suppose v + 15 = 2*v. Calculate the remainder when v is divided by f(8).
3
Calculate the remainder when 53 is divided by 10/2*(-17 - -10 - -11).
13
Let h(d) = -2 + 2 + 0 + d**2 + 2*d. Calculate the remainder when h(-6) is divided by 5.
4
Suppose 3*h = 15*h - 192. Calculate the remainder when h is divided by 10.
6
Let a = 1604 - 1579. What is the remainder when 166 is divided by a?
16
Let k(f) = 34*f**3 - f**2 + f. Calculate the remainder when 133 is divided by k(1).
31
Suppose 7*f + 66 = 395. Let j = -13 + f. Calculate the remainder when j is divided by 9.
7
Let p = 85 - 72. What is the remainder when 3 is divided by (-37)/(-13) + ((-50)/p - -4)?
0
What is the remainder when 75 is divided by 1310/40 - ((-15)/12)/5?
9
Let s be (-2)/(-10) + (-102)/10. Calculate the remainder when 13 is divided by s/(-3)*(-48)/(-20).
5
Let k(i) = -i**2 - 5*i + 3. Suppose 0 = -3*j + 2*u - 19 + 120, -3*j - 2*u = -97. Calculate the remainder when j is divided by k(-3).
6
Let l = 223 - 417. What is the remainder when 41 is divided by 14/77 - l/22?
5
Suppose 0 = -x - 5*b + 5, -6*x + x + 47 = 3*b. Let i = 15 - x. Calculate the remainder when i is divided by 4.
1
Let k(r) = r**3 + 10*r**2 - r + 5. Suppose -2*b + 7*b - 5*u = -70, -5*u = 2*b. Let n = 6 + -1. Calculate the remainder when k(b) is divided by n.
0
Let v be (60/4)/((-3)/(-2)). Let h(i) = i**3 + 1 + v*i**2 + 0 - 8 - 14*i - 3. What is the remainder when h(-11) is divided by 8?
7
Suppose 0 = 3*q + 2*i - 110, -5*q + 124 + 86 = -2*i. Calculate the remainder when 87 is divided by q.
7
Let q = -104 - -36. Let z = q - 4. Let k = z + 121. What is the remainder when k is divided by 13?
10
Let j(m) = -6*m - 5. Let y be j(-4). Suppose -5*t = -2*h - 9, -5*t + y = 4*h - 8. Let f = 7456 - 7449. Calculate the remainder when f is divided by h.
1
What is the remainder when (-132)/(4 - 6) + (7 - 4) is divided by 7?
6
Let f = -1228 + 1254. What is the remainder when 77 is divided by f?
25
Suppose -1018 = -4*r - 2*b, -270 = 5*r - 5*b - 1580. Suppose 8*t - r = 119. What is the remainder when t is divided by 8?
7
Suppose 0 = 6*s - 4*s - 1540. Calculate the remainder when s is divided by 97.
91
Let y(k) = -5*k + 383. Calculate the remainder when y(37) is divided by 100.
98
Suppose 4*a = 5*m - 0*a - 69, -4*m - a + 51 = 0. Let u(n) = 3*n - 28. What is the remainder when 20 is divided by u(m)?
9
Suppose 0*w - w = 1, 4*i + 3*w - 81 = 0. What is the remainder when 97 is divided by i?
13
Suppose 0 = i - 10*i + 27. What is the remainder when 24 is divided by i?
0
Let m(w) = 11*w - 3. Let c be m(-5). Let a = c - -84. Calculate the remainder when a is divided by 15.
11
Let u(j) = j**3 - 3*j**2 - 1. Let b be u(3). What is the remainder when 119 is divided by 0 + -6*(b + -4)?
29
Let s(g) = 2*g**3 - 23*g**2 + 26*g - 25. What is the remainder when s(11) is divided by 28?
0
Suppose 0 = -4*k + 4, -2*n = 2*n - 3*k + 299. Let f = 87 + n. What is the remainder when 22 is divided by f?
9
Let y(f) = -40*f**2 - f. Let g be y(-1). Let a = g - -64. Suppose 2*r - 3*m = 5*r - 120, -r + 2*m + a = 0. Calculate the remainder when r is divided by 19.
16
Let y(t) = -49*t - 2. Let d be y(-3). Let r be 511/105 - (-2 + 84/45). Suppose r*w - d = -50. Calculate the remainder when w is divided by 5.
4
Let k = 1577 + -1427. What is the remainder when 1044 is divided by k?
144
Suppose 0 = -6*u + 22 + 44. Suppose -4*o - u = -67. Calculate the remainder when 51 is divided by o.
9
Suppose v + u = 58, 6*v - 3*v = -2*u + 169. Suppose -354 = -7*h - v. Suppose 0*w + 9 = w. Calculate the remainder when h is divided by w.
7
Suppose 5*l - 3*p - 7 - 549 = 0, -214 = -2*l + 4*p. Let u = 160 - l. Suppose 0 = 5*n - 3*a - 94, a + 5 = 2. Calculate the remainder when u is divided by n.
13
Suppose 0 = 3*h - 8*h - 10. Let o be h - (4 - 7 - 3). Suppose 2*y + 20 = 3*b - b, -b - o*y = 0. Calculate the remainder when 14 is divided by b.
6
Let d(m) = m + 3. Let v(z) = -2*z - 4. Let w(j) = -7*d(j) - 5*v(j). Calculate the remainder when 22 is divided by w(3).
6
Suppose 0 = 4*y + 9 - 69. Let f = 15 - y. Suppose -2*u - 30 + 176 = f. What is the remainder when u is divided by 25?
23
Let b(s) = 10*s**2 + 10*s + 3. Let i(k) = 3*k**2 + 3*k + 1. Let p(y) = -2*b(y) + 7*i(y). Calculate the remainder when -2 + (-1)/(2/(-26)) is divided by p(-2).
2
Let t = -3 - -10. Suppose 10*i - 15 = 15. Suppose 0 = i*p - t - 2. Calculate the remainder when 3 is divided by p.
0
Let j(t) = -t. Let k be j(-6). Let x = 9 + k. Suppose -91 + x = -4*s. What is the remainder when 36 is divided by s?
17
Let a = 19 + -19. Suppose -3*k + 2 = -2*b + 10, b - 4*k - 9 = a. What is the remainder when 3 is divided by b?
0
Let w = -125 - -238. Let o = w + -73. Calculate the remainder when (o/(-6))/((-16)/24) is divided by 3.
1
Suppose 15 = -4*v - x - 2*x, -v + 4*x + 20 = 0. Let r = -31 - -47. Calculate the remainder when 44 is divided by r - (2 + v + -1).
14
Let r(u) = 3*u**2 - 2*u + 2. Let w be r(3). Suppose w = 2*h - 7. What is the remainder when h is divided by 6?
3
Le